
162
Let r(v) = 14*v**3 - 7*v**2 + 178*v - 510. Calculate r(3).
339
Let s(u) = -13*u**2 - 34*u - 40. Give s(-4).
-112
Let b(t) = -2*t**3 - 18*t**2 + 20*t + 298. Determine b(0).
298
Let g(d) = -d**3 - 340*d**2 - 3*d - 1021. Calculate g(-340).
-1
Let x(c) = -c**3 + 52*c**2 - 19*c - 9730. Determine x(47).
422
Let v(p) = -2326*p + 4654. What is v(4)?
-4650
Let g(m) = 3121*m - 85050. Determine g(27).
-783
Let i(g) = 122*g**3 - 6*g**2 + 165*g - 163. Determine i(1).
118
Let z(v) = v**2 + 2751*v - 85319. Give z(31).
923
Let p(i) = -28*i**3 - 312*i**2 - 43*i - 44. What is p(-11)?
-55
Let l(z) = z**3 - 10*z**2 - 170*z - 579. What is l(20)?
21
Let t(q) = q**2 - 32668*q + 18768535. Calculate t(585).
-20
Let t(c) = c**2 - 18016*c - 1320512. Give t(-73).
-15
Let r(w) = -1144*w - 297454. Determine r(-260).
-14
Let j(u) = -2*u**2 + 1094*u - 137413. Calculate j(195).
-133
Let y(c) = -c**3 + 92*c**2 - 30*c - 21117. Calculate y(89).
-24
Let z(s) = -s**3 + 99*s**2 - 376*s - 378. Determine z(95).
2
Let b(m) = m**2 + 538*m - 233432. What is b(284)?
16
Let u(r) = 10*r**2 + 1520*r - 1536. Determine u(-153).
-6
Let b(h) = 2414*h**2 + 1316*h + 1318. Determine b(-1).
2416
Let g(l) = -3*l**3 + 39*l**2 + 161*l - 2422. Determine g(12).
-58
Let v(f) = -f**3 - 102*f**2 + 93*f + 17. Give v(0).
17
Let y(s) = -s**2 + 341*s - 6028. Calculate y(19).
90
Let l(c) = -474*c + 24101. Give l(53).
-1021
Let s(d) = 9*d**2 - 1985*d + 106937. Give s(127).
3
Let o(q) = -4*q**3 + 1997*q**2 - 581*q + 40889. What is o(499)?
-29
Let v(z) = 90*z**2 - 12053*z - 929. Determine v(134).
9
Let t(x) = 24*x**3 - 8145*x**2 - 5101*x + 337. Give t(340).
-3
Let x(j) = -387*j**2 + 2704*j + 6. Give x(7).
-29
Let o(h) = -6*h**2 + 3048*h - 29883. What is o(498)?
-3
Let s(q) = -2513*q + 15134. What is s(6)?
56
Let o(p) = -623*p - 10618. Calculate o(-17).
-27
Let x(m) = 5346*m + 871416. What is x(-163)?
18
Let t(q) = -97*q**2 + 707*q - 231. Give t(7).
-35
Let t(o) = 9467*o + 9475. Calculate t(-1).
8
Let y(a) = 6801*a + 95501. Calculate y(-14).
287
Let r(o) = 231*o**2 - 11083*o - 181. Calculate r(48).
59
Let h(u) = 22*u**2 + 656*u + 32. Determine h(-30).
152
Let d(t) = 7*t**3 + 74*t**2 + 7571*t + 83666. Determine d(-11).
22
Let h(y) = -y**2 + 301*y - 14849. What is h(63)?
145
Let s(q) = -53*q**2 + 67861*q + 203583. What is s(-3)?
-477
Let u(r) = -5156*r - 494971. Give u(-96).
5
Let r(x) = -61*x**2 + 12737*x - 141837. What is r(197)?
3
Let u(i) = -164*i - 2804. Calculate u(-14).
-508
Let m(f) = 11*f**3 - 38*f**2 + 21*f - 85. Give m(7).
1973
Let p(k) = 78441*k + 156899. What is p(-2)?
17
Let k(p) = -2148*p + 43037. Calculate k(20).
77
Let k(a) = 16*a**3 + 70*a**2 - 156*a - 513. Determine k(-5).
17
Let p(i) = -i**3 - 26*i**2 - 149*i + 43. What is p(-9)?
7
Let j(a) = 13*a**2 + 252*a + 2408. Determine j(0).
2408
Let z(u) = -7482*u + 65871. Calculate z(9).
-1467
Let j(k) = -30*k**2 + 3674*k + 5709. Calculate j(124).
5
Let i(h) = h**3 - 28*h**2 - 214*h + 174. Calculate i(34).
-166
Let a(v) = 52*v**3 - 1926*v**2 + 90*v - 670. Calculate a(37).
-78
Let w(j) = -98*j**2 + 2476*j - 57. Calculate w(25).
593
Let d(y) = -2*y**3 - 2*y**2 + 2264*y - 654. What is d(33)?
6
Let p(z) = -278*z + 71753. Give p(248).
2809
Let i(f) = f**3 + 11*f**2 - 330*f - 4019. Determine i(-15).
31
Let g(w) = 102397*w - 1126338. Determine g(11).
29
Let f(r) = 32*r**2 + 3636*r - 1699. What is f(-114)?
-331
Let n(x) = -8*x**3 - 1007*x**2 + 1225*x + 10410. Determine n(-127).
-4
Let c(o) = -39221*o + 313816. Determine c(8).
48
Let f(h) = -137393*h - 7007054. Determine f(-51).
-11
Let u(q) = 7*q**2 + 813*q - 16767. Give u(-134).
-17
Let z(m) = -m**2 + 80*m + 10095. Give z(-69).
-186
Let v(f) = -1337*f + 61637. Calculate v(46).
135
Let o(v) = -119*v - 11563. Determine o(-98).
99
Let d(x) = 1273*x - 132399. Calculate d(104).
-7
Let z(j) = -16267*j**2 - 211477*j - 19. Give z(-13).
59
Let y(q) = 17*q**3 + 214*q**2 - 3*q + 3. What is y(-13)?
-1141
Let j(q) = 150*q**2 - 39450*q - 25. Determine j(263).
-25
Let a(n) = n**2 + 11426*n + 2057464. What is a(-183)?
-5
Let m(y) = y**2 - 18615*y + 186039. What is m(10)?
-11
Let s(f) = -9*f**3 + 280*f**2 - 789*f + 123. Calculate s(28).
-17
Let b(h) = -75*h - 10864. Determine b(-141).
-289
Let w(r) = 6*r**3 - 12*r**2 - 434*r + 869. Determine w(2).
1
Let t(f) = f**3 - 63*f**2 - 424*f - 93. Give t(-6).
-33
Let d(l) = -l**3 - 97*l**2 - 2336*l - 783. Give d(-54).
-27
Let y(u) = 634*u + 16636. Determine y(-26).
152
Let j(n) = -289*n + 32904. What is j(114)?
-42
Let n(p) = 13360*p - 547761. Calculate n(41).
-1
Let o(m) = 219*m - 82983. Give o(380).
237
Let g(o) = 10*o**2 - 2570*o - 2571. Determine g(-1).
9
Let a(u) = 31883*u - 210. What is a(0)?
-210
Let y(t) = t**3 - 210*t**2 - 148*t - 13301. Give y(211).
-8
Let s(h) = -h**3 + 322*h**2 - 227*h + 73097. Calculate s(322).
3
Let p(c) = -c**3 - 25*c**2 + 165*c + 426. Calculate p(-30).
-24
Let x(k) = 5548*k - 127609. Determine x(23).
-5
Let l(m) = -17064*m**2 + 102386*m - 41. Determine l(6).
-29
Let r(a) = -2*a**3 + 34*a**2 - 50*a - 5. Calculate r(14).
471
Let z(n) = -3287*n + 19607. Determine z(6).
-115
Let a(f) = f**3 - 362*f**2 - 17420*f + 1998. Determine a(405).
-27
Let w(z) = -6902*z + 48652. Calculate w(7).
338
Let j(m) = -15*m**3 - 13*m**2 - 19*m + 103. What is j(-4)?
931
Let f(w) = 36*w**2 + 1587*w + 177. Determine f(-44).
45
Let k(b) = -240*b - 6048. Determine k(-27).
432
Let a(j) = -1821*j - 45521. Determine a(-25).
4
Let d(g) = 153990*g - 7237538. What is d(47)?
-8
Let l(w) = 2050*w + 98344. Calculate l(-48).
-56
Let r(f) = -103*f**2 + 533*f + 1315. Determine r(7).
-1
Let r(g) = g**2 + 82*g - 1312. Determine r(13).
-77
Let v(j) = -47*j**3 - 793*j**2 + 23*j - 26. What is v(-17)?
1317
Let m(x) = -x**2 - 485*x - 17338. Give m(-39).
56
Let x(f) = -f**2 + 3691*f - 40428. Calculate x(11).
52
Let f(h) = 54*h**2 - 14*h + 21. Calculate f(1).
61
Let y(k) = 92*k - 2198. What is y(6)?
-1646
Let h(a) = -2972*a - 463581. Calculate h(-156).
51
Let n(r) = -11628*r - 11626. Determine n(-1).
2
Let r(g) = 120*g**3 + 4*g**2 - 245*g - 490. Give r(-2).
-944
Let t(s) = 3*s**3 + 413*s**2 + 271*s - 569. What is t(-137)?
-158
Let r(c) = 37*c**2 - 633*c + 47. Give r(17).
-21
Let d(r) = 334*r - 948. What is d(3)?
54
Let w(g) = -23*g**2 - 5022*g + 56104. Determine w(-229).
-1
Let t(u) = 3778696*u + 15114777. Determine t(-4).
-7
Let d(l) = -l**3 - 254*l**2 - 824*l - 80657. Determine d(-252).
-17
Let n(z) = z**3 - 186*z**2 - 129*z + 24006. Give n(186).
12
Let z(a) = -19*a**2 + 30*a - 119. What is z(-10)?
-2319
Let j(u) = -u**3 - 64*u**2 + 1074*u - 20. What is j(14)?
-272
Let p(j) = 25234*j + 832723. Determine p(-33).
1
Let r(x) = 2*x**3 + 562*x**2 + 558*x - 533. Give r(-280).
27
Let o(k) = -378*k**3 - 4*k**2 - 169*k - 165. Give o(-1).
378
Let i(g) = -g**2 - 440*g - 49692. Determine i(-219).
-1293
Let s(m) = 16*m**2 - 164*m - 723. Calculate s(-4).
189
Let s(j) = 2146*j - 253231. Give s(118).
-3
Let l(k) = -k**3 - 66*k**2 + 802*k + 36660. Calculate l(-70).
120
Let x(u) = -4*u**2 - 509*u + 13154. Calculate x(22).
20
Let x(n) = 2*n**3 - 171*n**2 - 11*n - 297. Calculate x(86).
6153
Let q(k) = k**3 - 8*k**2 + 32751*k - 196441. Determine q(6).
-7
Let n(k) = -895*k + 14510. Calculate n(16).
190
Let r(a) = 64*a**2 + 80*a + 74. Determine r(-1).
58
Let p(b) = 1191*b - 61988. Calculate p(52).
-56
Let b(p) = 463*p - 28440. Calculate b(58).
-1586
Let p(d) = 2*d**3 + 43*d**2 - 2672*d - 44002. Give p(-41).
-9
Let n(q) = 36*q**2 + 579*q + 2. Determine n(-16).
-46
Let a(q) = 1124*q + 28099. Calculate a(-25).
-1
Let z(k) = -255*k**2 + 6101*k + 443. Calculate z(24).
-13
Let b(z) = -4569*z + 8924. What is b(2)?
-214
Let u(k) = -368*k - 67307. Determine u(-177).
-2171
Let c(u) = -2*u**2 - 523*u - 34535. What is c(-134)?
-365
Let z(m) = 79*m**2 + 1172*m + 3411. Determine z(-4).
-13
Let t(f) = -f**2 - 7321*f + 1021751. Give t(137).
5
Let d(p) = 342*p + 16850. Give d(-46).
1118
Let d(h) = 66472*h - 1861123. Give d(28).
93
Let n(h) = h**2 - 11471*h + 514134. Calculate n(45).
-36
Let m(d) = -6*d**2 - 1110*d - 6614. Give m(-6).
-170
Let v(i) = -i**2 - 372*i - 19205. Give v(-312).
-485
Let t(x) = -2*x**3 + 16*x**2 - 75*x + 854. Give t(9).
17
Let u(b) = -2*b**3 - 540*b**2 - 3169*b - 264. Determine u(-264).
0
Let p(f) = -f**3 - 